{"id":6305,"date":"2018-08-10T11:40:51","date_gmt":"2018-08-10T09:40:51","guid":{"rendered":"https:\/\/www.os-kamnica.si\/wordpress\/?page_id=6305"},"modified":"2023-09-19T10:16:04","modified_gmt":"2023-09-19T08:16:04","slug":"obvezni-izbirni-predmeti","status":"publish","type":"page","link":"https:\/\/www.os-kamnica.si\/predmetnik\/obvezni-izbirni-predmeti\/","title":{"rendered":"Obvezni izbirni predmeti"},"content":{"rendered":"<p>V skladu z zakonodajo v RS se tudi na na\u0161i \u0161oli izvaja pouk izbirnih predmetov. Seznam vseh izbirnih predmetov se nahaja na spletni strani Ministrstva za \u0161olstvo RS na\u00a0<a href=\"http:\/\/www.mss.gov.si\/si\/solstvo\/osnovnosolsko_izobrazevanje\/program_osnovne_sole\/abecedni_seznam_izbirnih_predmetov_v_devetletni_osnovni_soli\/\" target=\"_blank\" rel=\"noopener noreferrer\">tej povezavi<\/a>.<\/p>\n<p>Izbirni predmeti so na\u010din prilagajanja osnovne \u0161ole individualnim razlikam in interesom u\u010dencev. \u0160ola ponudi u\u010dencem 7., 8., in 9. razreda obvezne izbirne predmete dru\u017eboslovno-humanisti\u010dnega sklopa in naravoslovno-tehni\u010dnega sklopa. Izbor predmetov je odvisen od zanimanja zanj.<\/p>\n<p>U\u010denec si izbere dve uri pouka izbirnih predmetov tedensko, lahko pa tudi tri, \u010de s tem sogla\u0161ajo njegovi star\u0161i. U\u010dencu ni potrebno izbirati predmetov iz posameznih sklopov ampak lahko izbere vse ure iz enega sklopa. \u010ce si u\u010denec izbere tri izbirne predmete, morajo vse ocene biti pozitivne.\u00a0 U\u010denec, ki obiskuje glasbeno \u0161olo z javno veljavnim programom, je lahko opro\u0161\u010den sodelovanja pri izbirnih predmetih.<\/p>\n<p>U\u010denec je lahko opro\u0161\u010den sodelovanja pri izbirnih predmetih v celoti ali pa le delno. V tem primeru morajo star\u0161i po junijskem roku za vpis v glasbeno \u0161olo do 30. 6. vsako leto na osnovno \u0161olo posredovati pisno vlogo, ki ji predlo\u017eijo potrdilo o vpisu otroka v glasbeno \u0161olo.<\/p>\n<h5>SEZNAM OBVEZNIH IZBIRNIH PREDMETOV, KI SE IZVAJAJO V \u0160OLSKEM LETU 2023\/2024<\/h5>\n<table border=\"1\">\n<tbody>\n<tr>\n<td width=\"289\">PREDMET<\/td>\n<td width=\"93\">RAZRED<\/td>\n<td width=\"223\">U\u010cITELJ<\/td>\n<\/tr>\n<tr>\n<td width=\"289\">Nem\u0161\u010dina 1<\/td>\n<td width=\"93\">7.<\/td>\n<td width=\"223\">Nastja Prodanovi\u010d Trstenjak<\/td>\n<\/tr>\n<tr>\n<td width=\"289\">Nem\u0161\u010dina 2<\/td>\n<td width=\"93\">8.<\/td>\n<td width=\"223\">Nastja Prodanovi\u010d Trstenjak<\/td>\n<\/tr>\n<tr>\n<td width=\"289\">Nem\u0161\u010dina 3<\/td>\n<td width=\"93\">9.\u00a0<\/td>\n<td width=\"223\">Nastja Prodanovi\u010d Trstenjak<\/td>\n<\/tr>\n<tr>\n<td width=\"289\">Filmska vzgoja<\/td>\n<td width=\"93\">7. in 8.<\/td>\n<td width=\"223\">Anja Vrabl<\/td>\n<\/tr>\n<tr>\n<td width=\"289\">Turisti\u010dna vzgoja<\/td>\n<td width=\"93\">7. in 8.<\/td>\n<td width=\"223\">Stanka Damjan<\/td>\n<\/tr>\n<tr>\n<td width=\"289\">Radio<\/td>\n<td width=\"93\">7., 8. in 9.<\/td>\n<td width=\"223\">Dunja \u0160tiher<\/td>\n<\/tr>\n<tr>\n<td width=\"289\">Ra\u010dunalni\u0161tvo \u2013 urejanje besedil<\/td>\n<td width=\"93\">7.<\/td>\n<td width=\"223\">Danijel Korpar<\/td>\n<\/tr>\n<tr>\n<td width=\"289\">Ra\u010dunalni\u0161tvo \u2013 multimedija<\/td>\n<td width=\"93\">8.<\/td>\n<td width=\"223\">Danijel Korpar<\/td>\n<\/tr>\n<tr>\n<td width=\"289\">Ra\u010dunalni\u0161tvo \u2013 ra\u010dunalni\u0161ka omre\u017eja<\/td>\n<td width=\"93\">9.<\/td>\n<td width=\"223\">Danijel Korpar<\/td>\n<\/tr>\n<tr>\n<td width=\"289\">Matemati\u010dna delavnica 8<\/td>\n<td width=\"93\">8.<\/td>\n<td width=\"223\">Karmen Zinrajh<\/td>\n<\/tr>\n<tr>\n<td width=\"289\">Na\u010dini prehranjevanja<\/td>\n<td width=\"93\">9.<\/td>\n<td width=\"223\">Jasna \u017dic<\/td>\n<\/tr>\n<tr>\n<td width=\"289\">Poskusi v kemiji<\/td>\n<td width=\"93\">8. in 9.<\/td>\n<td width=\"223\">Mateja Cerjan<\/td>\n<\/tr>\n<tr>\n<td width=\"289\">Robotika v tehniki<\/td>\n<td width=\"93\">8.<\/td>\n<td width=\"223\">Anja Puhmeister Jug<\/td>\n<\/tr>\n<tr>\n<td width=\"289\">Izbrani \u0161port\u00a0<\/td>\n<td width=\"93\">9.<\/td>\n<td width=\"223\">Gregor Hartman<\/td>\n<\/tr>\n<tr>\n<td width=\"289\">Obdelava gradiv &#8211; les<\/td>\n<td width=\"93\">7. in 8.<\/td>\n<td width=\"223\">Anja Puhmeister Jug<\/td>\n<\/tr>\n<tr>\n<td width=\"289\">Rastline in \u010dlovek<\/td>\n<td width=\"93\">7.<\/td>\n<td width=\"223\">Mateja Cerjan<\/td>\n<\/tr>\n<tr>\n<td width=\"289\">Sodobna priprava hrane<\/td>\n<td width=\"93\">7. in 8.<\/td>\n<td width=\"223\">Jasna \u017dic<\/td>\n<\/tr>\n<tr>\n<td width=\"289\">\u0160port za sprostitev<\/td>\n<td width=\"93\">7. in 8.<\/td>\n<td width=\"223\">Gregor Hartman<\/td>\n<\/tr>\n<\/tbody>\n<\/table>\n","protected":false},"excerpt":{"rendered":"<p>V skladu z zakonodajo v RS se tudi na na\u0161i \u0161oli izvaja pouk izbirnih predmetov. Seznam vseh izbirnih predmetov se nahaja na spletni strani Ministrstva za \u0161olstvo RS na\u00a0tej povezavi. [&hellip;]<\/p>\n","protected":false},"author":1,"featured_media":0,"parent":6303,"menu_order":0,"comment_status":"closed","ping_status":"closed","template":"template-noright.php","meta":{"footnotes":""},"publishpress_future_action":{"enabled":false,"date":"2024-07-11 12:06:42","action":"change-status","newStatus":"draft","terms":[],"taxonomy":""},"_links":{"self":[{"href":"https:\/\/www.os-kamnica.si\/wp-json\/wp\/v2\/pages\/6305"}],"collection":[{"href":"https:\/\/www.os-kamnica.si\/wp-json\/wp\/v2\/pages"}],"about":[{"href":"https:\/\/www.os-kamnica.si\/wp-json\/wp\/v2\/types\/page"}],"author":[{"embeddable":true,"href":"https:\/\/www.os-kamnica.si\/wp-json\/wp\/v2\/users\/1"}],"replies":[{"embeddable":true,"href":"https:\/\/www.os-kamnica.si\/wp-json\/wp\/v2\/comments?post=6305"}],"version-history":[{"count":0,"href":"https:\/\/www.os-kamnica.si\/wp-json\/wp\/v2\/pages\/6305\/revisions"}],"up":[{"embeddable":true,"href":"https:\/\/www.os-kamnica.si\/wp-json\/wp\/v2\/pages\/6303"}],"wp:attachment":[{"href":"https:\/\/www.os-kamnica.si\/wp-json\/wp\/v2\/media?parent=6305"}],"curies":[{"name":"wp","href":"https:\/\/api.w.org\/{rel}","templated":true}]}}